91219952?
True
Does 26 divide 1335460204?
True
Is 3042 a factor of 6331396?
False
Is 1157 a factor of 117361420?
False
Is 47 a factor of 64839837?
True
Does 5 divide 756829215?
True
Is 253067358 a multiple of 1398?
True
Does 559 divide 2726993530?
False
Does 1218 divide 3219174?
True
Does 8048 divide 525938551?
False
Does 22 divide 339188003?
False
Is 31209999 a multiple of 20?
False
Is 139 a factor of 707567268?
True
Does 657 divide 5109190722?
True
Does 332 divide 38246400?
True
Is 10 a factor of 1163410?
True
Does 45 divide 39414512?
False
Is 198 a factor of 337165746?
False
Does 355 divide 1532623750?
True
Does 303 divide 147370176?
False
Is 2319870 a multiple of 105?
True
Does 1891 divide 117627220?
False
Is 12144000 a multiple of 110?
True
Is 15265164 a multiple of 2?
True
Does 787 divide 316758056?
True
Is 16 a factor of 22119077?
False
Does 7 divide 35856058?
True
Is 425 a factor of 646588459?
False
Does 1619 divide 65129132?
True
Does 1919 divide 22181721?
True
Does 36 divide 48767948?
False
Does 5 divide 167246205?
True
Is 9808160 a multiple of 80?
True
Is 10 a factor of 20901680?
True
Is 9 a factor of 58895676?
True
Is 129 a factor of 155653018?
False
Is 18 a factor of 82468143?
False
Does 19 divide 12323233?
False
Does 2131 divide 277554270?
False
Does 2859 divide 470122524?
True
Is 4963 a factor of 290017868?
True
Is 327 a factor of 20085648?
True
Does 889 divide 210533946?
False
Is 96709685 a multiple of 220?
False
Is 337143336 a multiple of 82?
False
Is 12 a factor of 19451424?
True
Does 81 divide 12878558?
False
Does 25 divide 27025477?
False
Is 216 a factor of 2091070512?
True
Is 448 a factor of 200762778?
False
Is 286 a factor of 36530959?
False
Is 16804190 a multiple of 65?
True
Is 153890730 a multiple of 630?
True
Is 27656778 a multiple of 174?
True
Is 68329378 a multiple of 29?
False
Is 37020918 a multiple of 18?
False
Does 19 divide 147898246?
False
Does 41 divide 17220287?
True
Is 413681898 a multiple of 42?
True
Does 111 divide 130141309?
False
Does 7 divide 501004890?
False
Does 60 divide 521640?
True
Is 47 a factor of 5220767003?
True
Is 83472060 a multiple of 1932?
True
Is 6439206700 a multiple of 20?
True
Is 22 a factor of 106127384?
True
Is 501141875 a multiple of 185?
True
Is 534427 a multiple of 3?
False
Does 718 divide 732985378?
True
Does 2771 divide 21067913?
True
Is 1042275 a multiple of 62?
False
Does 349 divide 1704815367?
False
Is 12 a factor of 2595553?
False
Is 9498818 a multiple of 214?
True
Is 2745 a factor of 6807600?
True
Is 90426730 a multiple of 21?
False
Does 299 divide 4640980825?
True
Does 196 divide 145712868?
True
Does 1634 divide 134396500?
True
Is 2415163464 a multiple of 6328?
True
Does 34 divide 36222036?
True
Is 23956199 a multiple of 1605?
False
Is 129 a factor of 96394347?
True
Does 3292 divide 425577485?
False
Is 7974006 a multiple of 6?
True
Is 1154469198 a multiple of 6?
True
Does 24 divide 363299866?
False
Is 6 a factor of 1330899?
False
Is 43064913 a multiple of 29?
True
Is 242 a factor of 33292477?
False
Is 182605182 a multiple of 263?
False
Is 440690594 a multiple of 13?
False
Does 2 divide 52449257?
False
Does 6 divide 486533220?
True
Does 57 divide 9525441?
True
Does 17 divide 28229945?
True
Does 15 divide 13095605?
False
Is 1227767312 a multiple of 1616?
True
Is 4 a factor of 9923080?
True
Is 137 a factor of 253589192?
True
Does 25 divide 675109935?
False
Does 10 divide 12867150?
True
Does 795 divide 78497505?
True
Is 29537240 a multiple of 167?
False
Is 11286036 a multiple of 687?
True
Does 4 divide 1471299712?
True
Does 25 divide 32011100?
True
Is 618369050 a multiple of 2675?
True
Is 845 a factor of 698894430?
True
Is 571735599 a multiple of 47?
False
Does 459 divide 26821517?
False
Is 135 a factor of 15514437?
False
Is 3954 a factor of 589394059?
False
Does 25 divide 2887187?
False
Is 7 a factor of 146234?
False
Does 4222 divide 581483394?
True
Does 17 divide 4335493?
True
Is 3602 a factor of 198603324?
False
Is 390734672 a multiple of 23?
True
Is 1003538452 a multiple of 4963?
True
Is 39 a factor of 6461767260?
True
Is 381 a factor of 781885518?
False
Does 263 divide 23244466?
True
Is 10005259 a multiple of 34?
False
Is 237432117 a multiple of 63?
False
Is 147615062 a multiple of 658?
True
Is 181 a factor of 5647862?
False
Is 2665 a factor of 318451510?
True
Is 54 a factor of 25329711?
False
Is 2843232 a multiple of 8?
True
Is 2937 a factor of 324213954?
False
Is 73 a factor of 4337514?
True
Does 167 divide 274106585?
False
Is 181539984 a multiple of 19?
True
Is 639145455 a multiple of 895?
True
Does 838 divide 26740580?
True
Is 171 a factor of 4841181?
True
Is 5 a factor of 73530841?
False
Is 17228132 a multiple of 94?
True
Is 1230690648 a multiple of 1672?
True
Is 32296160 a multiple of 80?
True
Is 5 a factor of 67425419?
False
Is 22 a factor of 13647986?
True
Does 200 divide 12868615?
False
Is 144 a factor of 13486032?
True
Is 1229 a factor of 4355576?
True
Does 2520 divide 2231647510?
False
Is 1802504300 a multiple of 31?
True
Is 45 a factor of 3811069395?
True
Does 327 divide 82368875?
False
Does 330 divide 30938490?
True
Is 56 a factor of 27665737?
False
Is 17 a factor of 72044039?
False
Is 102 a factor of 99337272?
False
Is 37343112 a multiple of 24?
True
Does 204 divide 359268451?
False
Is 110167860 a multiple of 71?
True
Is 2144 a factor of 324728096?
True
Is 170943543 a multiple of 76?
False
Is 292 a factor of 5433289358?
False
Is 2562676 even?
True
Is 230352056 a multiple of 22?
True
Is 2704 a factor of 250942016?
True
Is 167 a factor of 930916617?
True
Is 369 a factor of 2831232?
False
Does 5 divide 546513334?
False
Does 6996 divide 67910172?
True
Does 680 divide 472559880?
True
Is 62147818 a multiple of 1658?
False
Is 1229 a factor of 541879619?
True
Is 7 a factor of 944678?
True
Is 249 a factor of 2896822425?
True
Does 125 divide 1453258250?
True
Is 1020 a factor of 10337700?
True
Does 86 divide 624391734?
True
Is 1114970573 a multiple of 5?
False
Is 942623352 a multiple of 253?
True
Is 73 a factor of 584684229?
True
Is 1843 a factor of 236828877?
False
Is 62720882 a multiple of 653?
False
Does 2401 divide 432154005?
False
Is 1974 a factor of 168297186?
False
Does 325 divide 6000150?
True
Does 228 divide 2243064?
True
Is 26222302 a multiple of 173?
True
Is 114 a factor of 44514948?
True
Does 1490 divide 480830450?
True
Is 190 a factor of 2241806815?
False
Does 34 divide 362572213?
False
Does 48 divide 113191129?
False
Is 106105865 a multiple of 365?
True
Is 15156044 a multiple of 68?
True
Is 49306381 a multiple of 411?
False
Is 1389 a factor of 706352412?
False
Is 213410340 a multiple of 10?
True
Is 6459141 a multiple of 368?
False
Does 12 divide 217740554?
False
Is 13682670 a multiple of 75?
False
Is 21058318 a multiple of 1503?
False
Is 2505 a factor of 152972835?
True
Is 185363319 a multiple of 536?
False
Is 20 a factor of 5154371317?
False
Does 2 divide 9327763?
False
Is 95 a factor of 706015135?
False
Does 73 divide 89872052?
True
Does 1195 divide 111787486?
False
Is 24531174 a multiple of 163?
True
Is 22961984 a multiple of 7?
False
Is 806727132 a multiple of 750?
False
Does 11 divide 13322198?
False
Does 77 divide 25589641?
True
Is 60878016 a multiple of 288?
True
Is 342 a factor of 1647333?
False
Is 2128202844 a multiple of 114?
True
Is 13702018 a multiple of 314?
True
Does 589 divide 271216830?
True
Is 7846 a factor of 1722448089?
False
Does 3 divide 33939872?
False
Is 2123216648 a multiple of 196?
True
Does 14 divide 136298560?
False
Is 10 a factor of 7522270?
True
Does 307 divide 22052731?
True
Is 211911620 a multiple of 40?
False
Is 27 a factor of 436229253?
True
Does 64 divide 31315730?
False
Is 157434428 a multiple of 73?
True
Is 1823 a factor of 21755315?
False
Is 12406468 a multiple of 76?
True
Is 440 a factor of 25443752?
False
Is 73387649 a multiple of 14?
False
Is 350698156 a multiple of 1810?
False
Does 465 divide 3211290?
True
Is 1142564705 a multiple of 2?
False
Does 109 divide 3505429645?
True
Is 1238963036 a multiple of 69?
False
Is 5 a factor of 1110131335?
True
Does 721 divide 105549353?
True
Is 34911744 a multiple of 17?
True
Is 7243020 a multiple of 170?
True
Is 1864 a factor of 236833227?
False
Is 5823721800 a multiple of 45